atest common divisor of 5 and 335.
5
What is the highest common factor of 35 and 215?
5
Calculate the highest common factor of 3965 and 585.
65
Calculate the greatest common divisor of 1356 and 204.
12
What is the highest common divisor of 75 and 25?
25
Calculate the greatest common divisor of 18 and 1791.
9
What is the highest common divisor of 117 and 1937?
13
What is the greatest common factor of 32 and 1?
1
What is the highest common divisor of 54 and 1260?
18
What is the highest common divisor of 108 and 12?
12
What is the highest common factor of 288 and 216?
72
Calculate the highest common factor of 342 and 456.
114
What is the highest common divisor of 2790 and 180?
90
Calculate the greatest common factor of 144 and 198.
18
Calculate the greatest common divisor of 351 and 1560.
39
What is the greatest common factor of 13 and 871?
13
Calculate the greatest common factor of 66 and 363.
33
What is the highest common factor of 290 and 58?
58
What is the highest common divisor of 5705 and 70?
35
Calculate the greatest common factor of 14 and 4382.
14
What is the greatest common factor of 510 and 45?
15
Calculate the highest common divisor of 6642 and 648.
162
Calculate the highest common divisor of 16780 and 20.
20
Calculate the highest common factor of 1056 and 78.
6
What is the greatest common factor of 288 and 27?
9
Calculate the greatest common divisor of 3641 and 11.
11
Calculate the greatest common divisor of 175 and 21.
7
Calculate the greatest common factor of 793 and 122.
61
Calculate the greatest common factor of 3312 and 864.
144
Calculate the greatest common factor of 16 and 1808.
16
Calculate the highest common divisor of 16 and 1328.
16
Calculate the greatest common divisor of 2871 and 231.
33
Calculate the greatest common factor of 31 and 4.
1
Calculate the greatest common factor of 42 and 13.
1
What is the greatest common factor of 3 and 93?
3
Calculate the highest common factor of 6144 and 96.
96
Calculate the greatest common factor of 8 and 216.
8
What is the greatest common factor of 65 and 10?
5
Calculate the greatest common factor of 598 and 92.
46
Calculate the highest common factor of 18 and 99.
9
What is the greatest common factor of 12 and 708?
12
What is the greatest common divisor of 238 and 7?
7
What is the highest common divisor of 144 and 16?
16
Calculate the highest common divisor of 451 and 22.
11
Calculate the highest common factor of 70 and 18.
2
What is the highest common divisor of 30 and 495?
15
Calculate the highest common divisor of 3330 and 80.
10
Calculate the highest common factor of 128 and 72.
8
Calculate the highest common factor of 22256 and 13.
13
Calculate the greatest common factor of 510 and 60.
30
Calculate the greatest common divisor of 60 and 570.
30
Calculate the highest common divisor of 36 and 24876.
36
What is the greatest common factor of 576 and 72?
72
Calculate the greatest common divisor of 427 and 1403.
61
What is the highest common divisor of 104 and 1016?
8
Calculate the highest common divisor of 114 and 855.
57
Calculate the greatest common divisor of 273 and 2919.
21
Calculate the highest common factor of 44 and 187.
11
Calculate the greatest common factor of 13048 and 224.
56
Calculate the greatest common divisor of 23393 and 157.
157
Calculate the greatest common divisor of 28 and 32.
4
Calculate the highest common factor of 1197 and 532.
133
Calculate the highest common divisor of 3648 and 4788.
228
Calculate the greatest common divisor of 18 and 726.
6
Calculate the highest common factor of 2343 and 10437.
213
Calculate the highest common factor of 103 and 10403.
103
What is the greatest common divisor of 1634 and 258?
86
Calculate the greatest common divisor of 187 and 68.
17
Calculate the highest common divisor of 6160 and 55.
55
Calculate the greatest common divisor of 420 and 532.
28
Calculate the greatest common factor of 79733 and 71.
71
Calculate the greatest common divisor of 260 and 52.
52
Calculate the greatest common factor of 50 and 2350.
50
Calculate the greatest common factor of 11135 and 68.
17
What is the highest common divisor of 2169 and 482?
241
What is the highest common divisor of 24 and 1032?
24
What is the highest common divisor of 1166 and 1484?
106
Calculate the highest common divisor of 12 and 2481.
3
Calculate the highest common factor of 342 and 399.
57
Calculate the highest common factor of 129 and 81.
3
Calculate the highest common factor of 1 and 121.
1
What is the highest common factor of 48 and 208?
16
What is the highest common divisor of 25 and 125?
25
Calculate the greatest common divisor of 50 and 975.
25
What is the greatest common divisor of 74 and 6142?
74
Calculate the highest common divisor of 289 and 17.
17
Calculate the highest common divisor of 23 and 1.
1
What is the highest common factor of 26 and 338?
26
Calculate the highest common factor of 2 and 190.
2
Calculate the greatest common divisor of 864 and 16.
16
What is the highest common factor of 133 and 21?
7
What is the greatest common divisor of 35 and 7?
7
Calculate the greatest common divisor of 6990 and 120.
30
Calculate the highest common factor of 39 and 364.
13
Calculate the greatest common factor of 260 and 156.
52
Calculate the greatest common factor of 1026 and 54.
54
Calculate the greatest common divisor of 42975 and 225.
225
Calculate the highest common divisor of 484 and 352.
44
Calculate the highest common divisor of 7 and 43.
1
What is the greatest common divisor of 335 and 40?
5
Calculate the highest common factor of 530 and 10.
10
Calculate the highest common factor of 1819 and 107.
107
Calculate the greatest common divisor of 4131 and 2592.
81
Calculate the highest common divisor of 594 and 286.
22
Calculate the highest common factor of 11 and 99.
11
What is the greatest common factor of 420 and 540?
60
What is the greatest common factor of 98 and 26?
2
Calculate the greatest common factor of 77 and 203.
7
What is the greatest common factor of 72 and 164?
4
Calculate the highest common factor of 496 and 31.
31
What is the highest common divisor of 19 and 551?
19
Calculate the highest common factor of 3321 and 81.
81
Calculate the greatest common divisor of 5556 and 12.
12
Calculate the highest common divisor of 14 and 175.
7
Calculate the highest common factor of 38848 and 64.
64
What is the greatest common factor of 24 and 3080?
8
Calculate the highest common divisor of 616 and 4840.
88
Calculate the highest common divisor of 108 and 141.
3
What is the greatest common factor of 72 and 1503?
9
What is the greatest common factor of 87 and 9831?
87
Calculate the highest common factor of 693 and 63.
63
Calculate the highest common factor of 1247 and 145.
29
Calculate the highest common divisor of 645 and 258.
129
Calculate the highest common divisor of 60 and 1500.
60
What is the greatest common divisor of 15 and 132?
3
Calculate the highest common divisor of 1048 and 368.
8
Calculate the greatest common factor of 228 and 1748.
76
What is the greatest common divisor of 774 and 90?
18
Calculate the greatest common divisor of 42 and 357.
21
Calculate the highest common factor of 13529 and 747.
83
What is the highest common factor of 480 and 390?
30
What is the highest common factor of 72 and 909?
9
What is the greatest common factor of 26 and 2106?
26
What is the highest common divisor of 1562 and 22?
22
Calculate the highest common factor of 552 and 69.
69
What is the highest common divisor of 1887 and 555?
111
Calculate the highest common factor of 84 and 945.
21
What is the greatest common factor of 133 and 21679?
133
Calculate the greatest common factor of 3002 and 38.
38
Calculate the greatest common factor of 8 and 248.
8
What is the highest common factor of 19 and 399?
19
What is the highest common factor of 88 and 154?
22
What is the greatest common divisor of 600 and 20250?
150
What is the greatest common divisor of 413 and 161?
7
What is the greatest common factor of 57 and 342?
57
What is the highest common divisor of 7 and 259?
7
What is the greatest common factor of 4 and 174?
2
What is the greatest common factor of 8295 and 280?
35
Calculate the highest common divisor of 175 and 125.
25
Calculate the greatest common divisor of 30 and 45.
15
